{"id":52,"date":"2020-06-21T12:05:36","date_gmt":"2020-06-21T15:05:36","guid":{"rendered":"https:\/\/browe.com.br\/?page_id=52"},"modified":"2020-06-21T13:48:20","modified_gmt":"2020-06-21T16:48:20","slug":"nossas-cervejas","status":"publish","type":"page","link":"https:\/\/browe.com.br\/index.php\/nossas-cervejas\/","title":{"rendered":"Nossas Cervejas"},"content":{"rendered":"\n<p>A BROWe \u00e9 uma microcervejaria que nasceu com o esp\u00edrito de confraria, no intuito de compartilhar bons momentos e boas cervejas. <\/p>\n\n\n\n<p>E, por isso, sempre busca novas receitas, sabores e combina\u00e7\u00f5es para trazer novas (e boas) experi\u00eancias a todos os amigos e consumidores.<\/p>\n\n\n\n<p>A cervejaria conta com 11 r\u00f3tulos, sendo alguns deles produzidos em linha o ano todo e outros sazonalmente.<\/p>\n\n\n\n[ngg src=&#8221;galleries&#8221; ids=&#8221;2&#8243; display=&#8221;basic_imagebrowser&#8221;]\n\n\n\n<p><\/p>\n","protected":false},"excerpt":{"rendered":"<p>A BROWe \u00e9 uma microcervejaria que nasceu com o esp\u00edrito de confraria, no intuito de compartilhar bons momentos e boas cervejas. E, por isso, sempre busca novas receitas, sabores e combina\u00e7\u00f5es para trazer novas (e boas) experi\u00eancias a todos os amigos e consumidores. A cervejaria conta com 11 r\u00f3tulos, sendo alguns deles produzidos em linha [&hellip;]<\/p>\n","protected":false},"author":1,"featured_media":0,"parent":0,"menu_order":1,"comment_status":"closed","ping_status":"closed","template":"","meta":[],"_links":{"self":[{"href":"https:\/\/browe.com.br\/index.php\/wp-json\/wp\/v2\/pages\/52"}],"collection":[{"href":"https:\/\/browe.com.br\/index.php\/wp-json\/wp\/v2\/pages"}],"about":[{"href":"https:\/\/browe.com.br\/index.php\/wp-json\/wp\/v2\/types\/page"}],"author":[{"embeddable":true,"href":"https:\/\/browe.com.br\/index.php\/wp-json\/wp\/v2\/users\/1"}],"replies":[{"embeddable":true,"href":"https:\/\/browe.com.br\/index.php\/wp-json\/wp\/v2\/comments?post=52"}],"version-history":[{"count":5,"href":"https:\/\/browe.com.br\/index.php\/wp-json\/wp\/v2\/pages\/52\/revisions"}],"predecessor-version":[{"id":101,"href":"https:\/\/browe.com.br\/index.php\/wp-json\/wp\/v2\/pages\/52\/revisions\/101"}],"wp:attachment":[{"href":"https:\/\/browe.com.br\/index.php\/wp-json\/wp\/v2\/media?parent=52"}],"curies":[{"name":"wp","href":"https:\/\/api.w.org\/{rel}","templated":true}]}}